m(i) - 5*w(i). Determine u(5).
5
Let t(z) = 1029*z**2 - 3*z**3 - 3*z - 10*z**3 + 23 - 1008*z**2. Let v(l) = 7*l**3 - 11*l**2 + 2*l - 12. Let d(r) = -6*t(r) - 11*v(r). Give d(6).
6
Suppose 70 - 106 = 6*i. Let f = 0 - -2. Let s(j) = -6*j - 4*j**f + 5 + 3*j**2 - 2*j + j. Give s(i).
11
Let p(j) = -80*j**2 + j - 11. Let o(u) = -18*u**2 + u - 2. Let m(s) = -4*o(s) + p(s). Suppose -i - 3*i = 8. Calculate m(i).
-29
Let n(w) = -17*w - w**2 - 5110 - 5111 + 10211. Determine n(-14).
32
Suppose 7*i - 9 = 12. Let z(d) = 1 + i*d + 1 + 1 + 2. Give z(-9).
-22
Suppose -35 = -3*k - 5*l, 4*k + 2*l = 4*l + 12. Suppose 1 = y - k. Let t(z) = z + 2. Let b(u) = u**3 - 7*u**2 + 14*u + 7. Let x(j) = -b(j) + 5*t(j). Give x(y).
-15
Let t = -9068 + 9064. Let p(b) = -2*b**2 + 11. Determine p(t).
-21
Let m(s) = -s**3 + 6*s**2 + 9*s - 15. Let g(w) = -273*w + 6. Let k be g(0). Calculate m(k).
39
Let r = -133 - -200. Suppose 9*m + r = -32. Let n(c) = -c - 15. Give n(m).
-4
Suppose 0 = -47*y + 277 + 146. Let n(r) = -2*r**2 + 17*r + 3. Determine n(y).
-6
Let v(a) = -a**2 + 13*a - 39. Suppose -2*i + 20 = -2*w, w - 32 = 26*i - 31*i. What is v(i)?
3
Suppose -20 = -2*h - 2*r, -8*h + 3*h = 4*r - 49. Let x be -12 + (-954)/(-81) + (-25)/h. Let k(f) = -f**3 - 4*f**2 + f + 4. What is k(x)?
-8
Suppose -41*b = -36*b - 5. Let k(n) = 12*n**3 + b - 64*n**3 + 14*n**3 + 11*n**3 + 19*n**3. Give k(1).
-7
Let r(t) = t - 7*t**3 - 93 - 99 + 2*t**2 + t**3 + 192. Let m(z) = z**3 - 4*z**2 - 4*z + 1. Let n be m(5). Let g be 2/(-6) - n/9. Give r(g).
7
Let x = -7 - -20. Let d be ((-2)/6)/((-44)/1452). Let w(l) = x + d - 17 - l. What is w(0)?
7
Let b(h) = h**3 - 6*h - 3. Let u be b(3). Let c(z) = -4*z**3 - 5*z**2 - 3. Let f(i) = -5*i**3 - 6*i**2 - 4. Let g(q) = u*c(q) - 5*f(q). Give g(-2).
-6
Let g(o) = -2*o - 7. Suppose -4*h + 6*h - 4 = 0. Let p(i) = -7*i + 3. Let z be p(h). Let m be (6 + z)*16/10. Calculate g(m).
9
Let b(u) = -u - 6. Let t be b(-8). Suppose -7*h - 16 = -t. Let x(c) = c + 2. Calculate x(h).
0
Suppose -k = -n + 8 - 5, -2*k - 18 = -4*n. Let t(s) = 0*s + s + 15 - 8 + s**2. Let q(z) = 3*z**2 + 2*z + 21. Let b(u) = n*q(u) - 17*t(u). Calculate b(5).
7
Let d(m) be the second derivative of -m**3 - m**2/2 + 8*m. Suppose 2*y = -3*t, -331 = -5*t - 4*y - 329. Give d(t).
11
Let k(i) = 137*i - 125*i - i**2 + 0*i**2 - 25. Let b be k(9). Let s(y) = -2*y**2 - 2*y**2 + 7*y + 0*y**2 + 3*y**b - 9. Calculate s(7).
-9
Let c(n) = -19 - 21*n + 34 + 31 - 3*n. What is c(2)?
-2
Let w(i) = i**3 - 2*i**2 + 4*i - 3. Let h be w(2). Let y(b) = -6*b - 13. Let p(u) = -6*u - 15. Let t(l) = h*p(l) - 6*y(l). What is t(-2)?
-9
Let f be (-2)/((-6)/(-9)) - -9. Let l(d) = -d**2 + 4 + 8*d - f - 3. Let j be (-160)/16 + (114 + -2)/7. Give l(j).
7
Let a = -280 + 273. Let n be (-14)/1 + a/7. Let v(l) = 2*l + 23. Give v(n).
-7
Let l(h) = -h**3 + 2*h**2 + 3*h - 5. Let q = -187 - -191. Suppose q*c + 6*c - 20 = 0. What is l(c)?
1
Let v(y) be the first derivative of -2*y**3/3 - 2*y**2 - 2. Let n be (-315 + 330)*4/(-20). Calculate v(n).
-6
Let j be (0 + -1)/((-2)/4). Let h = -183 + 169. Let x(i) = -i**2 + i. Let b(z) = 6*z**2 - 7*z - 1. Let n(w) = h*x(w) - 2*b(w). Determine n(j).
10
Let b(d) = -1910 - 1934 + 3844 + d. What is b(-10)?
-10
Let d be 0 + (-192)/(-28) - 4/(-28). Let n(f) = 8*f + 1 - 2 + d + f**2 - 4. What is n(-7)?
-5
Let j(v) = -8*v + 16 + 6*v - 31. Calculate j(-8).
1
Let f(d) be the first derivative of d**4/4 - 2*d**3 + 3*d**2 - 4*d + 4877. Suppose -q = -0 - 4. Determine f(q).
-12
Let c(t) = -t**2 + 4*t - 2. Suppose 0 = g - 136 + 134. Suppose 0 = 6*d - 22 - g. What is c(d)?
-2
Suppose 3*f + 2*f - 20 = -120. Let p(u) = -5*u - 104. Give p(f).
-4
Let f = -59 + 58. Suppose t = -5*w + 91, -243 - 6 = -3*t - 3*w. Let b(u) = -2 + 71*u**2 + 2*u - t*u**2 + 3. Give b(f).
-11
Suppose 5*y + 4*c = 23, -5*y - 2*c + 32 = -c. Let h(j) = 20 - 4 - y + 2*j. What is h(-4)?
1
Let r(s) be the second derivative of s**5/20 - s**4/4 + 11*s**3/6 - 49*s**2/2 + 2270*s - 2. Give r(5).
56
Let c(n) = 0*n**2 - n - 2*n**2 - 3 - 3*n. Let u = -30360 - -30358. What is c(u)?
-3
Let m(g) = -g**2 - 6*g + 7. Suppose -5*n - 744 = -154. Let t = n + 112. Determine m(t).
7
Let u be (54/189)/(((-6)/21)/(-2)). Let h(k) be the first derivative of -5/2*k**u - 10 + 4*k. Determine h(3).
-11
Let u(w) = 76*w**2 - 26*w - 10. Let n(o) = 72*o**2 - 23*o - 9. Let h(x) = 9*n(x) - 8*u(x). What is h(1)?
40
Let b(y) = y**2 - 2*y - 4. Suppose u + 1 = -3, 3*t + 3*u = 24. Let s be 5*(-9)/(135/t). Let a(p) = 2*p**2 + 7*p - 1. Let r be a(s). Calculate b(r).
-1
Suppose 360 = -s - 4*t, 2*s - 2*t + 760 = -0*t. Let j = s - -379. Let l(h) = h**2 - 2*h - 6. Give l(j).
-3
Let z(f) be the second derivative of f**4/12 + 13*f**3/6 + 17*f**2/2 - 3*f - 128. Determine z(-9).
-19
Suppose -2*t - 5 = -3*k, -t = 2*k + 4 - 12. Let j = -89913 - -141091. Let s(r) = j*r + 0*r**3 - 51179*r - r**3 + r**2. Give s(t).
-6
Suppose -26 = -5*q - 6. Suppose q*b - 6 = 14. Let w(y) be the third derivative of y**6/120 - 7*y**5/60 + 5*y**4/24 + 7*y**3/6 + 10*y**2 + 32*y. What is w(b)?
-18
Suppose -2*p = -p - 18. Suppose p = -w + 19. Let l(a) = -19*a + 4. Let u(q) = -18*q + 3. Let y(k) = -2*l(k) + 3*u(k). What is y(w)?
-15
Let y(v) = v**3 - 4*v**3 - 266*v + 2*v**3 + 268*v - 4*v**2 + 2*v**2. Determine y(-5).
65
Let p(y) = 3*y**2 - 3*y - 2. Let t = -323 + 324. Let k be 1 + 2 - -1 - t. Give p(k).
16
Let f(k) = -k - 8. Let i be -8*(-28)/8*(-20)/14. Let p be (-200)/34 - i/(-340). Determine f(p).
-2
Let m be (4 + -5 + 0 + 4)*-2. Let a(v) = 11*v + 3. Let k(r) = -13*r - 4. Let j(g) = m*k(g) - 7*a(g). Give j(-3).
0
Let m(x) be the first derivative of x**3/3 - 13*x**2 + 92*x - 10835. What is m(21)?
-13
Let q(k) be the third derivative of -7*k**2 - 11/24*k**4 - 4*k + 0*k**3 + 0. What is q(-1)?
11
Let d(a) = -2*a + 5. Let z(l) be the second derivative of l**3/6 + 12*l**2 - 13*l. Let o(f) = -2*f - 25. Let c(t) = 4*o(t) + 5*z(t). Let p be c(5). Give d(p).
-5
Suppose 2*c - 1 = -5. Let y(j) = -12*j - 1. Let p(g) = -3*g. Suppose -5*w + 5*q - 20 = 0, 9*w - 7*w + 3*q - 17 = 0. Let u(t) = w*y(t) - 5*p(t). What is u(c)?
-7
Let k(i) = i**3 - 2*i**2 - 3*i + 3. Let h(a) = -6*a - 21930 - a + 2*a + 21962. Let f be 44/7 + (-2)/7. Let c be h(f). Determine k(c).
-3
Let s(v) = -4*v**3 + 3*v - 3. Let q(u) = -60*u - 299. Let x be q(-14). Let d = 543 - x. Determine s(d).
-29
Let n(r) = 2*r**3 + 12*r**2 - 6*r - 39. Let m(v) = 7*v**2 + 788*v + 442. Let d be m(-112). What is n(d)?
-3
Let c be -2*(2/(-20) - 0) + 59472/21240. Let t(n) = 36*n + 3. Calculate t(c).
111
Let r(o) = 6*o + 2. Let u(w) = -w**2 - 18*w - 68. Let m be (2/(-5))/(12/(-10))*-39. Let q be u(m). Give r(q).
-16
Let t(m) = -70*m**2 - 11*m - 13. Let y(j) = -13*j**2 - j + 1. Let d(f) = -t(f) + 6*y(f). What is d(-3)?
-68
Let i(r) = r**2 + r + 6. Let k be i(-3). Suppose -9*a + k = -5*a. Suppose -2*y - f + 13 = 0, -a*f = -4*y + f + 8. Let g(c) = -2*c + 2. Determine g(y).
-8
Let r(d) = d + 3. Suppose 0 = 2*h - 2 - 2. Let t = -1342 + 1367. Suppose -h*f = 3*f + t. What is r(f)?
-2
Suppose -176*o = -192*o + 96. Let j(i) = -1 - 2 - i**2 + 1 + 3 - o + 5*i. Suppose -3*t = -t - 10. Calculate j(t).
-5
Suppose 0 = -2846*b + 2776*b - 490. Let z(x) = x**2 + 2*x + 23. Give z(b).
58
Let o(s) = -2*s**3 + s**2 + 2*s - 2. Let f(x) = 6*x + 2. Let c(p) = -32*p + 1. Let m be c(1). Let u = m + 31. Let n be f(u). Determine o(n).
-10
Let m be (-8)/18 - (-5800)/90. Suppose 49*d - 17*d - m = 0. Let w(r) = 2*r. Give w(d).
4
Let m(i) = -5*i**2 + 2*i + 27. Let y(l) = -l**2 + 2*l + 2. Let h(k) = -m(k) + 6*y(k). Let c = 85 - 77. Give h(c).
1
Let r(c) = 31*c - 775. Suppose 303*w + 19*w = 8050. Calculate r(w).
0
Let y(u) = 4*u + 17. Suppose 0 = -k - 2*t - 16, 4*k + 3 = 2*t - 11. Let h be y(k). Let o(r) = 7*r**2 + 1 - 9*r**2 - 7*r + r**2 - 5. Give o(h).
-4
Suppose -8*m + 189 = -51. Suppose 4*i + 5*f = 12, i - 3 = -0*i + f. Suppose 5*g + 5*d + m = 0, 11 = -g - 3*d - i. Let h(w) = -w**2 - 3*w - 1. Give h(g).
1
Let l(c) = 2*c**2 + 43*c - 131. Let f be l(-25). Let p be (-243)/(-5) + (-4)/(-10). Suppose -p*g + f*g + 5 = 0. Let u(m) = -8*m - 1. Determine u(g).
-9
Suppose 3 = 3*c, 0 = -w + 6*w - 5*c - 25. Let r(a) be the first derivative of 1/3*a**3 - 7/2*a**2 - 29 + a. Give r(w).
-5
Let w(g) = -52*g - 94. Let k be w(-3). Let a = k - 72.